 of 8 and w.
4
Suppose 290 = -3*z + 8*z. Suppose 0 = 5*p + 14*c - 1665, 4*p - 1261 = 15*c - 12*c. Calculate the highest common factor of p and z.
29
Let u = -32 + 99. Let h = u - 62. Let i be ((-5)/h)/(2/(-40) + 0). Calculate the greatest common factor of i and 180.
20
Let q = -353 - -759. Let z = 539 - q. Calculate the greatest common factor of z and 19.
19
Suppose -5*t - 6 + 403 = a, -2*t + a = -163. Let x be ((-10 + (-68)/(-8))/3)/((-3)/180). Calculate the highest common divisor of t and x.
10
Let z(b) = -6*b**2 - 143*b - 39. Let q be z(-23). What is the highest common factor of 1634 and q?
38
Suppose -239*v + 79704 = 270*v + 229*v. What is the greatest common factor of v and 2997?
27
Suppose 2*m + 2*b = 878, -5*b = m - 129 - 274. What is the greatest common divisor of m and 304?
16
Suppose 22 = c - d - 15, 46 = 2*c + 5*d. Suppose -3*v + 66 = c. Calculate the greatest common factor of 2 and v.
1
Suppose j = -3*j + 160. Suppose 6*k = 44 + j. Calculate the greatest common factor of k and 182.
14
Suppose -23*n + 23*n - 7854 = -119*n. What is the greatest common factor of 10758 and n?
66
Suppose -4*h - 3*j + 462 = 0, 4 = -j - j. Let r = -114 + h. Suppose 15 = r*t - 3*z, -6 = t - 3*z - 19. Calculate the greatest common factor of t and 5.
1
Suppose -52 - 2 = 62*b - 63*b. Let r = -933 + 1797. Calculate the greatest common factor of b and r.
54
Suppose 0 = -2*d - 12*y + 8*y + 16, 0 = 5*d + 4*y - 22. Suppose -4*f - 13 = -5*p, -d*p + 0*f + 4*f - 2 = 0. Calculate the highest common factor of 45 and p.
5
Let h = -50 - -78. Suppose 1 = 3*d + 2*b + 6, 2 = d - 3*b. Let s = d - -8. Calculate the highest common divisor of h and s.
7
Let v be ((-1408)/48)/((-4)/114). Calculate the greatest common divisor of 2376 and v.
44
Let k be (-6)/1 - 824/8. Let c = 483 + k. Let d = 42 + -8. What is the highest common divisor of c and d?
34
Let a = -438 + 489. Suppose a - 1051 = -20*l. Calculate the highest common divisor of 250 and l.
50
Let l(i) be the first derivative of 2*i**3/3 - 13*i**2/2 + 2*i + 318. Let f = -17 + 24. Let a be l(f). What is the greatest common factor of a and 81?
9
Suppose 2*g + 3*t = 23, -20*g + 21*g - 29 = -5*t. Suppose 20 = 5*h, -54*i + 88 = -52*i + g*h. Calculate the highest common divisor of i and 36.
36
Suppose 7*a = -17*a - 10*a + 116246. Calculate the highest common divisor of 104 and a.
13
Let s(d) = d**3 + 36*d**2 + 24*d - 90. Let m be s(-35). Suppose -6*n = -9*n + 354. Calculate the greatest common factor of n and m.
59
Let x(i) = -11*i**3 + 3*i**2 - i - 6. Let n be x(2). Let l = -21 + 13. Let q be (-2 + 6 + -2)*n/l. What is the highest common divisor of 21 and q?
21
Let o(x) = 5*x**2 - 250*x + 1265. Let c be o(5). Calculate the greatest common factor of c and 2044.
28
Let t be (4 + -6 + 6 + 113)/((-54)/(-198)). Let i(h) = h**3 + 11*h**2 + 10*h - 6. Let b be i(-9). What is the greatest common factor of t and b?
33
Let b be -4 - 1*(3 - 8). Suppose 3*i - 4*s = 110, 0 = 3*i - 5*s - 113 + b. What is the greatest common divisor of 102 and i?
34
Suppose 5*b + 153 = -392. Let z = -93 - b. What is the greatest common divisor of 80 and z?
16
Suppose -6*m - 2*m = 85*m - 3999. Calculate the highest common divisor of m and 6407.
43
Let o be (-362)/(-12) - 4/24. Suppose -s + 0*n - 2*n = -53, 3*s - 169 = -n. Let w = s - 45. Calculate the greatest common divisor of o and w.
6
Let f(n) = 3*n**2 + 9*n**2 + 16 + 9 + 0*n - 13*n. Let a be f(5). Calculate the greatest common divisor of 20 and a.
20
Let s(i) be the third derivative of 0 + 0*i + 1/15*i**5 + 5/24*i**4 - i**3 - 24*i**2. Let w be s(-6). What is the greatest common divisor of w and 12?
12
Suppose 2*g = 4*v - 12, -2*g + 2 = 3*v - 14. Suppose 0*r - v*r = -176. What is the highest common factor of r and 4?
4
Let m be ((-3)/2)/(18/(-336)). Let n = m - 18. Suppose 9*q = n*q - 45. Calculate the greatest common divisor of q and 30.
15
Suppose 298 = 2*z - 5*v, -3*v = 211*z - 216*z + 726. Calculate the highest common divisor of z and 564.
12
Let d(a) = 2*a**2 - 2*a - 9. Let y be d(-2). Suppose 3*z + 266 = 4*g, 294 = y*g + 4*z + 82. What is the greatest common factor of g and 17?
17
Let c be -4 - (36 - -30)*3/(-2). Let b be (-454)/(-8) - 12/16. Suppose 2*d - b = 20. What is the greatest common divisor of c and d?
19
Let o = -109 - -117. Let c(j) = j**3 - 8*j**2 + 4*j - 18. Let l be c(o). Calculate the greatest common divisor of 14 and l.
14
Let n be (-5)/(-2)*4968/690. What is the greatest common divisor of 1233 and n?
9
Let m = -3077 - -8642. Calculate the highest common factor of 105 and m.
105
Suppose 2*w - 47 = 9. Suppose 1273 = u + 881. Calculate the greatest common factor of u and w.
28
Let b = 332 - 356. Let l be 1/3 + 62/(-6). Let r = l - b. What is the greatest common factor of 70 and r?
14
Let f = 26223 + -24203. Calculate the greatest common factor of f and 160.
20
Let h = -69 - -237. What is the highest common factor of 240 and h?
24
Let z(f) = -f**2 + 10*f + 3. Let g be 18/15*20/3. Let q be z(g). Suppose 101*i = 50*i + 1938. Calculate the greatest common factor of q and i.
19
Let b be -310 - -329 - (-146)/2. What is the highest common factor of 2254 and b?
46
Let v(s) = -s**2 - 3*s + 6. Let y be v(-3). Suppose 5*u - x = 22, y*u - 4 = 4*u + 2*x. Suppose -u*k = -k - 40. What is the greatest common divisor of 30 and k?
10
Let r(k) = k**3 + 13*k**2 + 89*k + 1179. Let t be r(-13). What is the greatest common divisor of 6886 and t?
22
Let y be (-133340)/(-1711) + (-6)/(-87). Calculate the greatest common divisor of 663 and y.
39
Let x(n) = -5*n**3 + 88*n**2 - 44*n + 91. Let u be x(17). Calculate the greatest common factor of u and 1218.
42
Let u(n) = n**3 + 3*n - 3. Let l be u(2). Suppose -121 = c - 58. Let g = c - -85. Calculate the highest common divisor of g and l.
11
Let g(c) = c**3 + 9*c**2 - c - 9. Let k be g(-5). Let t be k + (-1)/2*(-7 - -15). What is the highest common factor of t and 4?
4
Let b(d) = d**2 + 48. Let m be b(0). Let n be 413466/1233 + ((-4)/(-6) - 0). Calculate the greatest common factor of m and n.
48
Let w = 147 + -145. Let m(h) = h**3 + h - 2. Let l be m(w). Calculate the greatest common factor of l and 3.
1
Suppose 4*t - c = 938, 4*t - 2*t - 478 = 5*c. Calculate the greatest common factor of t and 30.
6
Suppose -17*l - 14*s = -18*s - 26486, -l + 1558 = -4*s. Calculate the highest common factor of 38 and l.
38
Let w be 13 + 6/(-6) - -4. What is the greatest common factor of 3208 and w?
8
Let z be -3 + 2 + (-4 - -10). Suppose 11 = 2*x + n, -9 - 1 = -z*x + n. What is the highest common divisor of x and 3?
3
Let q(v) be the first derivative of -v**4/4 - 5*v**3 + 5*v + 3. Let c be q(-15). What is the greatest common factor of 4 and c?
1
Let p(t) = -t**3 + 27*t**2 + 28*t. Let b be p(28). Suppose 0 = -b*w + 11*w - 33. Calculate the highest common divisor of 93 and w.
3
Suppose 5*x = 9 + 21. Suppose x*y - 5*o + 325 = 10*y, 4*y - 285 = 3*o. Calculate the highest common factor of 5 and y.
5
Let x(h) = 32*h + 2. Let j be x(1). Let g(c) = 37*c + 344. Let s be g(-7). Calculate the highest common divisor of j and s.
17
Let s be -7*(-2 + 3 + -2). Suppose 3*v + 2 + s = 0. Let a be -4 - (-17 + v + 0). What is the highest common divisor of 176 and a?
16
Let p(v) be the second derivative of 17*v**4/12 - 6*v**3 - 5*v**2/2 + 76*v. Let d be p(5). What is the highest common divisor of 32 and d?
16
Let y = 2472 + -1690. Let x be y/10 - (-4)/(-20). What is the greatest common divisor of x and 6?
6
Suppose 0 = -17*g - 11*g + 2261 + 5019. Calculate the greatest common factor of 580 and g.
20
Let f = 7 - 2. Let v(l) = 39*l**2 + 100*l - 1. Let u be v(-7). Suppose u - 210 = f*b. What is the greatest common factor of 25 and b?
25
Let y(z) = -9*z**2 + 15*z - 54. Let o be y(7). Let w = o + 654. Calculate the greatest common divisor of 33 and w.
33
Let u = 13611 - 13595. Calculate the highest common divisor of u and 137.
1
Suppose 0 = i + 2, 2*x - 81 - 39 = -4*i. Let n = -1024 + 1104. What is the greatest common factor of x and n?
16
Suppose 5*c + 6 = 2*n, 10*c - 6*c = 5*n - 15. Suppose -2*y - 4*u = -862, y = -n*u + 277 + 151. What is the greatest common factor of y and 19?
19
Let d = 6171 + -6167. Calculate the greatest common factor of d and 170.
2
Suppose 358 = 4*i - 5*o, 2*i = -5*o - 0*o + 164. L